{"id":28,"date":"2015-01-22T22:20:14","date_gmt":"2015-01-22T22:20:14","guid":{"rendered":"http:\/\/www.web4u2.website\/ship\/?page_id=28"},"modified":"2015-01-29T14:53:25","modified_gmt":"2015-01-29T14:53:25","slug":"ausrustung","status":"publish","type":"page","link":"http:\/\/www.web4u2.website\/ship\/ausrustung\/","title":{"rendered":"Ausr\u00fcstung"},"content":{"rendered":"<p>&nbsp;<\/p>\n<table class=\"no-bullets\">\n<caption class=\"abstand\">\n<h3 class=\"uberschrift\"><strong>AUSR\u00dcSTUNGSGEGENST\u00c4NDE<\/strong><\/h3>\n<\/caption>\n<tbody>\n<tr>\n<th class=\"bg\" scope=\"col\">\n<h4><em>Motorraum<\/em><\/h4>\n<\/th>\n<th class=\"bg\" scope=\"col\">\n<h4><em>Deck und Flybridge<\/em><\/h4>\n<\/th>\n<th class=\"bg\" scope=\"col\">\n<h4><em>Salon<\/em><\/h4>\n<\/th>\n<\/tr>\n<tr>\n<td>\n<ul>\n<li>Dieselmotor 2xCaterpillar 320 PS V8<\/li>\n<li>Generator 6,5 kW<\/li>\n<li>Dieseltank 1600 l<\/li>\n<li>Startbatterie<\/li>\n<li>Verbraucherbatterien<\/li>\n<li>Ladeger\u00e4t<\/li>\n<li>Wassertank 800 l<\/li>\n<li>5 l \u00d6lkanister<\/li>\n<li>Treibanker<\/li>\n<\/ul>\n<\/td>\n<td>\n<ul>\n<li>Steuerstand mit kompl. Instrumentierung<\/li>\n<li>Beiboot mit 4 PS Aussenboardmotor<\/li>\n<li>4 Fender und 2 Kugelfender<\/li>\n<li>div. Festmacherleinen<\/li>\n<li>Tisch und St\u00fchle<\/li>\n<li>Heckdusche mit Kalt- und Warmwasser<\/li>\n<li>Gangway<\/li>\n<li>Bootshaken<\/li>\n<li>Horn<\/li>\n<li>Schwimmwesten<\/li>\n<\/ul>\n<\/td>\n<td>\n<ul>\n<li>GPS mit Kartenplotter<\/li>\n<li>UKW-Funk<\/li>\n<li>Echolot<\/li>\n<li>Steckdosen 220 V \/ 12 V<\/li>\n<li>Hafenhandb\u00fccher<\/li>\n<li>Instruktionsbuch<\/li>\n<li>Seekarten<\/li>\n<li>Fernglas<\/li>\n<li>Radio mit CD-Player<\/li>\n<li>Bettw\u00e4sche f\u00fcr alle Betten und Geschirrt\u00fccher<\/li>\n<\/ul>\n<\/td>\n<\/tr>\n<tr>\n<th class=\"bg\" scope=\"col\">\n<h4><em>Ankerkasten<\/em><\/h4>\n<\/th>\n<th class=\"bg\" scope=\"col\">\n<h4><em>Pantry<\/em><\/h4>\n<\/th>\n<th class=\"bg\" scope=\"col\">\n<h4><em>Hecklager<\/em><\/h4>\n<\/th>\n<\/tr>\n<tr>\n<td>\n<ul>\n<li>Buganker mit Kette<\/li>\n<li>2. Anker mit Kette und Leine<\/li>\n<li>elektr. und manuelle Ankerwinch<\/li>\n<\/ul>\n<\/td>\n<td>\n<ul>\n<li>Geschirrsp\u00fcler (nur auf W\u00f6rthersee)<\/li>\n<li>Kaffeemaschine<\/li>\n<li>Elektroherd mit Ceranfeld (nur W\u00f6rthersee)<\/li>\n<li>Elektroherd mit Backrohr (nur Theresa)<\/li>\n<li>Mikrowelle (nur W\u00f6rthersee)<\/li>\n<li>Sp\u00fcle<\/li>\n<li>K\u00fchlschrank mit Tiefk\u00fchlfach<\/li>\n<li>Koch-, E\u00dfgeschirr und Besteck<\/li>\n<\/ul>\n<\/td>\n<td>\n<ul>\n<li>Wasserschlauch<\/li>\n<li>Trichter<\/li>\n<li>Eimer mit Leine<\/li>\n<li>Landanschluss 220V mit Kabel<\/li>\n<li>Benzinkanister 5L f\u00fcr Aussenboardmotor<\/li>\n<\/ul>\n<\/td>\n<\/tr>\n<tr>\n<th class=\"bg\" scope=\"col\">\n<h4><em>Notfallausr\u00fcstung<\/em><\/h4>\n<\/th>\n<th class=\"bg\" scope=\"col\">\n<h4><em>Werkzeuge und Ersatzteile<\/em><\/h4>\n<\/th>\n<th class=\"bg\" scope=\"col\">\n<h4><em>WC-Raum<\/em><\/h4>\n<\/th>\n<\/tr>\n<tr>\n<td>\n<ul>\n<li>Taschenlampe<\/li>\n<li>Schiffsglocke<\/li>\n<li>Notfackeln<\/li>\n<li>Handapotheke<\/li>\n<li>Feuerl\u00f6scher und autom. L\u00f6schanlage<\/li>\n<li>\u00d6lsaugt\u00fccher<\/li>\n<li>2 Hitzeschutzanz\u00fcge<\/li>\n<li>2 Nebelgranaten<\/li>\n<\/ul>\n<\/td>\n<td>\n<ul>\n<li>Werkzeugkasten<\/li>\n<li>Luftpumpe f\u00fcr Beiboot<\/li>\n<\/ul>\n<\/td>\n<td>\n<ul>\n<li>WC-Pumpen elektrisch<\/li>\n<li>WC-B\u00fcrsten<\/li>\n<li>Waschbecken und Dusche<\/li>\n<li>Lenzpumpe elektrisch und manuell<\/li>\n<\/ul>\n<\/td>\n<\/tr>\n<\/tbody>\n<\/table>\n","protected":false},"excerpt":{"rendered":"<p>&nbsp; AUSR\u00dcSTUNGSGEGENST\u00c4NDE Motorraum Deck und Flybridge Salon Dieselmotor 2xCaterpillar 320 PS V8 Generator 6,5 kW Dieseltank 1600 l Startbatterie Verbraucherbatterien Ladeger\u00e4t Wassertank 800 l 5 l \u00d6lkanister Treibanker Steuerstand mit kompl. Instrumentierung Beiboot mit 4 PS Aussenboardmotor 4 Fender und 2 Kugelfender div. Festmacherleinen Tisch und St\u00fchle Heckdusche mit Kalt- und Warmwasser Gangway Bootshaken Horn [&hellip;]<\/p>\n","protected":false},"author":1,"featured_media":0,"parent":0,"menu_order":60,"comment_status":"closed","ping_status":"closed","template":"","meta":[],"_links":{"self":[{"href":"http:\/\/www.web4u2.website\/ship\/wp-json\/wp\/v2\/pages\/28"}],"collection":[{"href":"http:\/\/www.web4u2.website\/ship\/wp-json\/wp\/v2\/pages"}],"about":[{"href":"http:\/\/www.web4u2.website\/ship\/wp-json\/wp\/v2\/types\/page"}],"author":[{"embeddable":true,"href":"http:\/\/www.web4u2.website\/ship\/wp-json\/wp\/v2\/users\/1"}],"replies":[{"embeddable":true,"href":"http:\/\/www.web4u2.website\/ship\/wp-json\/wp\/v2\/comments?post=28"}],"version-history":[{"count":28,"href":"http:\/\/www.web4u2.website\/ship\/wp-json\/wp\/v2\/pages\/28\/revisions"}],"predecessor-version":[{"id":196,"href":"http:\/\/www.web4u2.website\/ship\/wp-json\/wp\/v2\/pages\/28\/revisions\/196"}],"wp:attachment":[{"href":"http:\/\/www.web4u2.website\/ship\/wp-json\/wp\/v2\/media?parent=28"}],"curies":[{"name":"wp","href":"https:\/\/api.w.org\/{rel}","templated":true}]}}